0*r. What is u(2)?
20
Let w(a) = -a**3 + 2*a**2 + 5*a - 6. Give w(3).
0
Let d(f) = -f**2 + 8*f - 7. Give d(5).
8
Let k(v) = v**3 - v**2. Determine k(0).
0
Let a(c) = -4*c**3 - 3*c**2 - 4*c - 2. Calculate a(-1).
3
Let l(u) = -u - 7. What is l(-15)?
8
Let p(r) = r**2 - 14*r - 20. What is p(15)?
-5
Let j(n) = -2*n**3 + 12*n**2 - 5. Calculate j(6).
-5
Let k(h) = h**2 + 18*h + 20. What is k(-17)?
3
Let j(u) = u**2 - 19*u - 38. Calculate j(19).
-38
Let k(s) = 4*s**2 - 6*s - 3. What is k(5)?
67
Let m(y) = -25*y - 389. What is m(-15)?
-14
Let w(c) = -c + 5. Give w(1).
4
Let d(a) = a**3 + 25*a**2 - 83*a + 25. What is d(-28)?
-3
Let w(t) = -23*t + 4. Calculate w(1).
-19
Let q(p) = -p**3 - 5*p**2 + 9*p + 7. Give q(-6).
-11
Let n(i) = -i**3 + 6*i**2 + 8*i + 6. What is n(7)?
13
Let r(g) = 2*g**2 + 56*g + 55. Determine r(-27).
1
Let c(l) = 5*l**2 + l. What is c(-3)?
42
Let w(i) = i**3 - 7*i**2 + 7*i + 8. What is w(6)?
14
Let r(c) = c**2 - 2*c - 10. Give r(6).
14
Let g(h) = -2*h + 28. Give g(13).
2
Let m(f) = -f - 15. Give m(-7).
-8
Let y(u) = u**3 - 3*u**2 - 2*u + 5. Calculate y(4).
13
Let w(g) = g**2 + 3*g + 2. Calculate w(0).
2
Let f(p) = p**3 + 8*p**2 + 5*p - 33. Give f(-6).
9
Let t(y) = -y**3 - 5*y**2 - 3*y - 2. What is t(-3)?
-11
Let v(f) = f**2 + 4*f - 7. Determine v(2).
5
Let d(t) = -t**2 + 14*t + 6. What is d(14)?
6
Let x(m) = -5*m + 3. Give x(-5).
28
Let m(p) = 13*p - 4. What is m(-3)?
-43
Let y(q) = -q**3 + 4*q**2 - 4*q + 2. Calculate y(4).
-14
Let z(n) = -n - 13. Determine z(-9).
-4
Let l(q) = q**2 - 4*q - 5. Determine l(6).
7
Let u(j) = j**3 + 6*j**2 - 5*j + 17. Calculate u(-7).
3
Let k(c) = 2*c**2 - 8*c + 16. Calculate k(2).
8
Let r(o) = -4*o + 26. What is r(10)?
-14
Let g(m) = m**3 + 3*m**2 + 2*m + 25. Determine g(-4).
1
Let h(r) = r**2 - 2*r - 5. Give h(0).
-5
Let x(h) = -10*h**2 + 361*h - 36. Give x(36).
0
Let j(w) = w + 12. What is j(-5)?
7
Let l(u) = -u**3 - 9*u**2 + 9*u + 12. Determine l(-10).
22
Let v(q) = q**3 + 11*q**2 - 10*q - 3. Calculate v(-12).
-27
Let a(j) = j**3 + 12*j**2 + 27*j + 80. Give a(-10).
10
Let r(k) = k**3 - 5*k**2 + 17*k - 88. Determine r(5).
-3
Let m(y) = y**2 + 3*y - 8. Give m(2).
2
Let f(r) = r**2 + 20*r + 11. What is f(-19)?
-8
Let s(h) = 9*h**3 + 4*h**2 + h - 2. Calculate s(-2).
-60
Let c(w) = -w**2 + w + 6. What is c(3)?
0
Let q(j) = -j**3 + 3*j**2 - 5*j + 2. Calculate q(2).
-4
Let j(w) = 30*w - 50. Determine j(2).
10
Let v(g) = g**2 + 2*g - 4. Give v(1).
-1
Let w(q) = 5*q**2 - 31*q + 7. Give w(9).
133
Let a(d) = 51*d - 501. What is a(10)?
9
Let j(r) = -r**3 + 3*r**2 + 6*r. Calculate j(5).
-20
Let p(l) = -7*l + 8. What is p(4)?
-20
Let k(b) = b**3 - 57*b**2 - 52*b - 357. What is k(58)?
-9
Let w(m) = -34*m + 150. Give w(6).
-54
Let w(r) = 15*r**3 - 2*r + 1. Calculate w(2).
117
Let l(m) = 80*m**2 + m + 1. Determine l(-1).
80
Let g(i) = -i**2 - 3*i - 2. Give g(-5).
-12
Let d(x) = -22*x**3 + x**2. Give d(-1).
23
Let a(g) = -14*g + 65. Calculate a(4).
9
Let m(o) = o**2 + 4*o - 1. Calculate m(6).
59
Let k(v) = -v**3 - 26*v**2 + 5*v + 117. What is k(-26)?
-13
Let n(u) = 2*u**3 - 5*u**2 + 3*u - 2. Determine n(3).
16
Let d(r) = 9*r - 1. What is d(4)?
35
Let w(i) = i**2 - i - 15. Determine w(0).
-15
Let h(n) = -n**3 + 2*n**2 - 5*n + 21. What is h(0)?
21
Let z(x) = 28*x + 238. What is z(-9)?
-14
Let c(m) = m + 12. Determine c(9).
21
Let r(x) = -25*x. Determine r(-1).
25
Let j(p) = 2*p + 35. Determine j(-21).
-7
Let d(l) = -6*l - 8. Determine d(-5).
22
Let b(o) = -o**2 + 5*o - 3. Give b(5).
-3
Let h(w) = -w**2 - 14*w + 126. Calculate h(-20).
6
Let k(i) = i**2 + 3*i + 9. Give k(-6).
27
Let f(l) = -l**2 + 5*l + 41. Determine f(-4).
5
Let q(b) = b**2 + 6*b + 31. Give q(-10).
71
Let i(l) = -l**3 + 9*l**2 - 12*l - 6. What is i(7)?
8
Let o(v) = -v**3 - 6*v**2 - 5*v - 9. Calculate o(-6).
21
Let y(g) = g + 5. Give y(2).
7
Let u(j) = 2*j - 46. What is u(20)?
-6
Let t(l) = -3*l**2 - 150*l + 303. Give t(2).
-9
Let f(r) = r**2 - 10*r - 4. What is f(9)?
-13
Let i(v) = -v**3 - 7*v**2 - 61*v - 332. Determine i(-6).
-2
Let z(i) = 2*i**2 + 11*i + 11. Calculate z(-3).
-4
Let t(h) = h**2 + 7*h + 18. Give t(-5).
8
Let t(k) = k**2 + 20*k + 18. What is t(-17)?
-33
Let g(q) = -7*q + 53. Determine g(33).
-178
Let w(y) = -y**2 + 8*y - 15. Calculate w(6).
-3
Let p(a) = -a**3 + 12*a**2 - 21*a + 24. What is p(11)?
-86
Let w(q) = -8*q + 154. Give w(15).
34
Let x(p) = 12*p + 130. Calculate x(-11).
-2
Let o(b) = 3*b + 11. What is o(-11)?
-22
Let x(k) = -k**2 - 7*k - 21. Determine x(-9).
-39
Let w(b) = b**3 - 2*b**2 - 5*b + 7. What is w(3)?
1
Let t(s) = s**2 + 14*s - 55. Determine t(-16).
-23
Let z(v) = -v**2 - 6*v - 24. Determine z(-5).
-19
Let r(u) = 38*u + 19. What is r(-4)?
-133
Let v(j) = j**2 - 9*j - 3. Give v(10).
7
Let z(n) = -14*n + 4. Calculate z(3).
-38
Let z(j) = -9*j**2 + 4*j - 2. Give z(3).
-71
Let v(j) = -j - 1. Determine v(9).
-10
Let d(g) = 3*g + 17. Determine d(-6).
-1
Let g(k) = 12*k - 148. Determine g(13).
8
Let o(q) = -q**3 - 7*q**2 - 5*q - 1. Give o(-6).
-7
Let o(i) = -i**3 - 16*i**2 - 13*i + 2. What is o(-15)?
-28
Let k(v) = v**2 - 13*v - 56. Calculate k(16).
-8
Let l(n) = 13*n**3 - n**2 - 4*n - 3. Calculate l(-1).
-13
Let p(r) = 6*r - 103. Calculate p(17).
-1
Let z(k) = -k**2 - 17*k + 40. Give z(-13).
92
Let m(x) = -x**3 - 8*x**2 - 9*x - 10. Determine m(-7).
4
Let c(z) = -7*z - 7. Calculate c(6).
-49
Let v(k) = k**2 - 9*k - 14. Determine v(8).
-22
Let o(z) = -2*z**3 - 3*z - 5. Calculate o(-2).
17
Let l(u) = u**3 + 9*u**2 + 18*u + 2. What is l(-6)?
2
Let d(h) = -h + 18. Give d(15).
3
Let a(d) = -d - 9. What is a(-8)?
-1
Let b(z) = -z**2 - 38*z + 37. Calculate b(-39).
-2
Let g(w) = -w**3 + 4*w + 5. Calculate g(-4).
53
Let z(n) = -13*n - 78. What is z(-9)?
39
Let w(n) = -n**2 - 9*n + 14. Calculate w(-10).
4
Let a(c) = -8*c - 31. What is a(5)?
-71
Let g(c) = 19*c**2 - 1. Determine g(1).
18
Let d(u) = 9*u - 9. What is d(-5)?
-54
Let l(q) = -3*q**2 - 11*q - 1. Give l(-4).
-5
Let c(z) = 23*z + 32. What is c(-2)?
-14
Let b(z) = 7*z**3 + z**2 + 3*z + 5. Determine b(-2).
-53
Let i(r) = -r**2 + r - 52. Determine i(0).
-52
Let t(j) = -j**3 + 5*j**2 - 2*j - 3. Calculate t(6).
-51
Let m(u) = -9*u + 1. Give m(-2).
19
Let x(y) = -7*y - 206. Give x(-30).
4
Let w(x) = x**2 + 10*x + 9. What is w(-7)?
-12
Let x(p) = -p**3 - 6*p**2 + 5*p + 10. Determine x(-6).
-20
Let h(o) = 2*o + 28. Determine h(-11).
6
Let v(n) = 2*n**2 - n + 2. Give v(-3).
23
Let m(o) = -4*o + 41. What is m(12)?
-7
Let l(b) = -b**3 + 3*b**2 - 5*b + 5. What is l(2)?
-1
Let p(x) = -13*x + 21. What is p(11)?
-122
Let p(l) = -16*l + 2. Calculate p(0).
2
Let w(q) = 7*q + 1. What is w(-2)?
-13
Let o(j) = 3*j**2 + 18*j + 30. Determine o(-4).
6
Let u(w) = -7*w - 16. Calculate u(-4).
12
Let u(n) = 22*n**2 - 6*n + 10. What is u(2)?
86
Let p(y) = -5*y + 21. Determine p(6).
-9
Let g(m) = -15*m**2 + 3*m + 6. What is g(-1)?
-12
Let a(i) = i**3 + 11*i**2 - 26*i + 4. Calculate a(-13).
4
Let c(l) = l**2 - 6*l - 33. Give c(10).
7
Let r(i) = -3*i - 4. Determine r(4).
-16
Let i(y) = 28*y - 338. Give i(12).
-2
Let f(q) = q**3 - 7*q**2 + 8*q - 10. Calculate f(6).
2
Let y(s) = s**3 - 8*s**2 - 7*s - 10. What is y(9)?
8
Let y(d) = -2*d**3 - 3*d**2 + 3. Determine y(2).
-25
Let i(r) = r**3 + 11*r**2 - 26*r + 15. Give i(-13).
15
Let p(s) = -s**3 - 8*s**2 - 3*s. Give p(-8).
24
Let a(i) = i**2 + 15*i + 10. Give a(-10).
-40
Let n(p) = -p**3 + p**2 + p + 1. What is n(0)?
1
Let s(k) = k**2 - 26*k + 45. Determine s(24).
-3
Let g(r) = 2*r**3 + 40*r**2 + 3*r + 48. Determine g(-20).
-12
Let q(b) = 6*b**3 - b**2 - 4*b - 2. Determine q(-1).
-5
Let y(j) = -3*j + 11. What is y(5)?
-4
Let n(q) = 3*q**2 - 64*q + 70. What is n(20)?
-10
Let a(q) = q**3 - 19*q**2 + 58*q + 8. What is a(4)?
0
Let q(f) = -f**3 + 19*f**2 + 22*f - 45. What is q(20)?
-5
Let i(m) = m**3 + 3*m**2 - 28*m - 9. What is i(-7)?
-9
Let r(k) = -3*k + 42. What is r(9)?
15
Let d(r) = -4*r + 14. Give d(-7).
42
Let j(s) = s**2 + s. Give j(3).
12
Let f(i) = -i**3 - 8*i**2 + 11*i + 11. What is f(-9)?
-7
Let p(l) = -18*l + 163. What is p(9)?
1
Let f(y) = -4*y - 51. Calculate f(-13).
1
Let g(j) = j**2 - j + 1. Calculate g(1).
1
Let z(g) = -g**2 + 9*g + 6. Determine z(5).
26
Let f(v) = 2*v + 15. Calculate f(-9).
-3
Let g(t) = -t**3 - 9*t**2 - 8*t - 1. Give g(-8).
